{"id":49,"date":"2025-05-19T13:38:27","date_gmt":"2025-05-19T11:38:27","guid":{"rendered":"http:\/\/localhost\/lavandanna\/index.php\/nosotros\/"},"modified":"2025-05-27T17:32:39","modified_gmt":"2025-05-27T15:32:39","slug":"nosotros","status":"publish","type":"page","link":"https:\/\/lavandanna.com\/index.php\/nosotros\/","title":{"rendered":"Sobre Nosotras"},"content":{"rendered":"\n\n\n\n\n\n\n\n\n\n\n\n\n\n\n\n","protected":false},"excerpt":{"rendered":"","protected":false},"author":1,"featured_media":0,"parent":0,"menu_order":0,"comment_status":"closed","ping_status":"closed","template":"kubio-full-width","meta":{"saved_in_kubio":true,"footnotes":""},"class_list":["post-49","page","type-page","status-publish","hentry"],"kubio_ai_page_context":{"short_desc":"Crea una secci\u00f3n que cuente la historia del Rancho Lavandanna, una asociaci\u00f3n educativa sin \u00e1nimo de lucro ubicada en Teruel. Su misi\u00f3n es recuperar y transmitir el saber ancestral de nuestras abuelas a trav\u00e9s del conocimiento de las plantas. El contenido debe incluir una presentaci\u00f3n c\u00e1lida de la asociaci\u00f3n, una breve explicaci\u00f3n sobre sus terrenos cultivables y visitables, y remarcar que est\u00e1n registradas como entidad educativa exenta de IVA. El dise\u00f1o debe evocar tradici\u00f3n y naturaleza, con un estilo cercano y respetuoso con el entorno.","purpose":"about","isFrontPage":false},"_links":{"self":[{"href":"https:\/\/lavandanna.com\/index.php\/wp-json\/wp\/v2\/pages\/49","targetHints":{"allow":["GET"]}}],"collection":[{"href":"https:\/\/lavandanna.com\/index.php\/wp-json\/wp\/v2\/pages"}],"about":[{"href":"https:\/\/lavandanna.com\/index.php\/wp-json\/wp\/v2\/types\/page"}],"author":[{"embeddable":true,"href":"https:\/\/lavandanna.com\/index.php\/wp-json\/wp\/v2\/users\/1"}],"replies":[{"embeddable":true,"href":"https:\/\/lavandanna.com\/index.php\/wp-json\/wp\/v2\/comments?post=49"}],"version-history":[{"count":17,"href":"https:\/\/lavandanna.com\/index.php\/wp-json\/wp\/v2\/pages\/49\/revisions"}],"predecessor-version":[{"id":517,"href":"https:\/\/lavandanna.com\/index.php\/wp-json\/wp\/v2\/pages\/49\/revisions\/517"}],"wp:attachment":[{"href":"https:\/\/lavandanna.com\/index.php\/wp-json\/wp\/v2\/media?parent=49"}],"curies":[{"name":"wp","href":"https:\/\/api.w.org\/{rel}","templated":true}]}}